posite?
False
Is 5779 prime?
True
Is 56326 a composite number?
True
Is 248059 a composite number?
True
Is 64747 a prime number?
True
Is 15187 a composite number?
False
Is 4453 prime?
False
Is 273499 composite?
True
Is 377459 prime?
True
Is 50411 prime?
True
Is 1559 a composite number?
False
Is 25778 a prime number?
False
Is 15353 a composite number?
True
Is 3989 prime?
True
Is 706033 a composite number?
False
Is 516319 prime?
True
Is 15227 prime?
True
Is 282071 a composite number?
False
Is 48647 a prime number?
True
Is 80527 prime?
True
Is 43753 a composite number?
False
Is 174851 a prime number?
True
Is 6913 a composite number?
True
Is 797 a composite number?
False
Is 264101 a composite number?
False
Is 160117 composite?
False
Is 10301 a prime number?
True
Is 18617 a composite number?
False
Is 51791 prime?
False
Is 36401 a composite number?
True
Is 107441 composite?
False
Is 926351 prime?
True
Is 37049 a composite number?
False
Is 4843 prime?
False
Is 7463 a composite number?
True
Is 691 composite?
False
Is 36871 a prime number?
True
Is 54959 a composite number?
False
Is 174851 a composite number?
False
Is 46573 a composite number?
False
Is 9637 prime?
False
Is 914 composite?
True
Is 18697 composite?
True
Is 33287 a composite number?
False
Is 2822503 a composite number?
False
Is 110135 composite?
True
Is 2813 a composite number?
True
Is 117419 a prime number?
False
Is 287659 a composite number?
True
Is 170957 a composite number?
False
Is 4341 prime?
False
Is 32177 a composite number?
True
Is 1969 prime?
False
Is 219209 a prime number?
False
Is 276541 a prime number?
False
Is 220399 a prime number?
True
Is 440159 a composite number?
False
Is 58937 a composite number?
False
Is 41771 prime?
True
Is 703 prime?
False
Is 27059 prime?
True
Is 46193 prime?
False
Is 122533 prime?
True
Is 55357 prime?
False
Is 4009 a prime number?
False
Is 185897 a prime number?
True
Is 7751 composite?
True
Is 2557757 a prime number?
True
Is 130279 a composite number?
False
Is 17729 a prime number?
True
Is 9673 a composite number?
True
Is 4267 prime?
False
Is 5639 a composite number?
False
Is 55162 composite?
True
Is 356901 a composite number?
True
Is 3293 a composite number?
True
Is 19553 composite?
False
Is 967705 composite?
True
Is 8669179 prime?
True
Is 65761 a composite number?
False
Is 32677 prime?
False
Is 2061971 prime?
True
Is 9533 prime?
True
Is 7327 a prime number?
False
Is 42043 composite?
False
Is 11183 a prime number?
False
Is 34457 a prime number?
True
Is 43867 a composite number?
False
Is 16439 composite?
True
Is 154643 a prime number?
True
Is 625979 prime?
True
Is 43257 a prime number?
False
Is 32467 prime?
True
Is 99689 composite?
False
Is 4882 a prime number?
False
Is 385351 composite?
False
Is 14263 prime?
False
Is 22769 a prime number?
True
Is 9703 prime?
False
Is 7451 composite?
False
Is 301381 prime?
True
Is 69851 a prime number?
False
Is 2551 a composite number?
False
Is 27926 composite?
True
Is 75767 a composite number?
False
Is 2427 prime?
False
Is 43037 a composite number?
False
Is 211403 a prime number?
True
Is 10981 prime?
False
Is 2921 a prime number?
False
Is 348547 prime?
True
Is 335571 a composite number?
True
Is 2545 a composite number?
True
Is 193283 a composite number?
False
Is 256357 a prime number?
False
Is 749297 a composite number?
False
Is 59677 a prime number?
False
Is 145577 a prime number?
True
Is 92881 a composite number?
True
Is 40309 a prime number?
False
Is 131009 a prime number?
True
Is 44449 composite?
False
Is 551 a prime number?
False
Is 26453 prime?
False
Is 147629 a composite number?
False
Is 43801 a prime number?
True
Is 2017419 a composite number?
True
Is 920035 prime?
False
Is 196153 prime?
False
Is 345547 composite?
False
Is 1184347 a composite number?
False
Is 2041553 composite?
False
Is 188737 a composite number?
True
Is 7217 a prime number?
False
Is 72251 prime?
True
Is 30803 composite?
False
Is 854647 composite?
False
Is 212711 composite?
True
Is 3829 prime?
False
Is 4841 composite?
True
Is 162005 composite?
True
Is 1049 a prime number?
True
Is 14903 composite?
True
Is 1022521 a composite number?
True
Is 128447 prime?
False
Is 13621 a prime number?
False
Is 289 a composite number?
True
Is 1543 a prime number?
True
Is 31367 composite?
True
Is 94477 a prime number?
True
Is 190243 prime?
True
Is 1217 a prime number?
True
Is 224062 a composite number?
True
Is 12847 prime?
False
Is 105538 a prime number?
False
Is 53683 a composite number?
True
Is 388559 prime?
False
Is 3365 a composite number?
True
Is 24557 a prime number?
False
Is 174687 a composite number?
True
Is 164251 prime?
True
Is 1806137 prime?
True
Is 152981 a composite number?
False
Is 52063 a prime number?
False
Is 61063 a prime number?
False
Is 167815 composite?
True
Is 1029731 composite?
False
Is 5077 prime?
True
Is 33311 prime?
True
Is 67121 prime?
True
Is 6065 a prime number?
False
Is 117659 prime?
True
Is 1434827 prime?
True
Is 58253 a composite number?
True
Is 389743 a prime number?
True
Is 97723 a composite number?
True
Is 655507 prime?
True
Is 9811 a composite number?
False
Is 8057 a prime number?
False
Is 52361 a composite number?
False
Is 131189 composite?
True
Is 164341 composite?
False
Is 5983 composite?
True
Is 1759 a prime number?
True
Is 64063 composite?
False
Is 149837 composite?
False
Is 41507 a prime number?
True
Is 4699 prime?
False
Is 4195 a prime number?
False
Is 8765 composite?
True
Is 465807 a composite number?
True
Is 185777 a prime number?
False
Is 15187 composite?
False
Is 299 a prime number?
False
Is 585421 prime?
False
Is 13141 composite?
True
Is 243937 prime?
False
Is 15071 a prime number?
False
Is 40589 prime?
False
Is 168599 a prime number?
True
Is 2293 prime?
True
Is 22343 prime?
True
Is 245491 prime?
False
Is 1242653 prime?
False
Is 2317 a prime number?
False
Is 7051 prime?
False
Is 72613 composite?
False
Is 121393 a prime number?
False
Is 38131 composite?
True
Is 8871 a composite number?
True
Is 2683 composite?
False
Is 1039943 prime?
True
Is 575153 a prime number?
True
Is 16333 composite?
False
Is 688322 a prime number?
False
Is 9055 prime?
False
Is 410207 a composite number?
True
Is 2845039 a prime number?
False
Is 2371 prime?
True
Is 8962 prime?
False
Is 1675441 a prime number?
True
Is 27289 prime?
False
Is 1256597 prime?
True
Is 208927 a prime number?
True
Is 28463 prime?
True
Is 219833 a prime number?
False
Is 24943 a prime number?
True
Is 291849 prime?
False
Is 189199 a prime number?
True
Is 31829 a prime number?
False
Is 14519 prime?
True
Is 18283 composite?
True
Is 2329 composite?
True
Is 7453 a prime number?
False
Is 540649 a prime number?
False
Is 1409 composite?
False
Is 33479 composite?
False
Is 27831 a composite number?
True
Is 27593 a prime number?
False
Is 142529 a prime number?
True
Is 810031 a prime number?
False
Is 275579 composite?
False
Is 246983 a composite number?
True
Is 5489 a composite number?
True
Is 3365 a composite number?
True
Is 8813 a prime number?
False
Is 52051 prime?
True
Is 8743 composite?
True
Is 3418 a prime number?
False
Is 2610971 prime?
False
Is 699269 prime?
False
Is 7661 composite?
True
Is 97757 composite?
True
Is 81883 a composite number?
False
Is 257189 a composite number?
False
Is 28751 prime?
True
Is 2921 prime?
False
Is 138551 composite?
True
Is 9247 a composite number?
True
Is 2921 a prime number?
False
Is 11599 a composite number?
True
Is 3989 prime?
True
Is 8657 a prime number?
False
Is 317129 prime?
False
Is 9781 a prime number?
True
Is 3031111 a composite number?
True
Is 194197 prime?
True
Is 859781 composite?
True
Is 99401 a composite number?
False
Is 190259 prime?
False
Is 54959 a composite number?
False
Is 2237777 composite?
True
Is 21161 prime?
False
Is 1439513 prime?
True
Is 787 a composite number?
False
Is 787 composite?
False
Is 17723 a composite number?
True
Is 41219 composite?
True
Is 16517 a composite number?
True
Is 154201 prime?
False
Is 20849 composite?
False
Is 2819 a composite number?
False
Is 73641 a prime number?
False
Is 351031 prime?
True
Is 603131 a prime number?
True
Is 46457 composite?
False
Is 81839 a prime number?
True
Is 9719 composite?
False
Is 126167 prime?
False
Is 249881 a prime number?
True
Is 145711 prime?
False
Is 928307 prime?
Tru